e prime factors of g.
2, 5
Let i be 1*(-3)/1 - 1*-44. Let f = i - 29. What are the prime factors of f?
2, 3
Let i be (3 - 9)/((-5)/20). Let w = 52 - i. What are the prime factors of w?
2, 7
Let v be 4/(-18) + (-70)/9. Let r = 8 + v. List the prime factors of (r + 1 - 3) + 8.
2, 3
Let l = 72 - 42. What are the prime factors of (l - -34) + (1 - 0)*-3?
61
Let u(b) = -10*b + 1652. What are the prime factors of u(0)?
2, 7, 59
Let q = 1147 + -54. List the prime factors of q.
1093
Suppose x = -2*j + 1506, -4*x + 3*x + 3762 = 5*j. List the prime factors of j.
2, 47
Let a = 525 - 287. Suppose -2*y + 9*y - a = 0. List the prime factors of y.
2, 17
Let v(q) = -556*q**3 + 4*q**2 + 5*q + 2. Let p be v(-1). Let b = -335 + p. What are the prime factors of b?
2, 3, 37
Let y = 7 + -1. Let b be (-2)/y + 118/(-6). What are the prime factors of (5 - 2)/((-6)/b)?
2, 5
Suppose 2*h + 39 + 61 = 0. Let p = h - -69. What are the prime factors of p?
19
Suppose -2*k - 296 = -6*k + 4*r, -4*r - 71 = -k. Let g = k - 18. What are the prime factors of g?
3, 19
Let p be ((-8)/(-5))/((-12)/(-30)). Let x(c) = c + 1. Let j be x(6). Suppose 0 = 4*h + 3*y - j*y - 20, 2*h - p*y = 6. List the prime factors of h.
7
Let y(o) = -o**3 - o**2 + o + 112. List the prime factors of y(0).
2, 7
Let b be -4 - -6 - (-16)/2. Suppose -2*w = -m - 14, m + 14 = 4*w - b. Suppose 3*i - 60 = -p, 0*p - w*p = 0. What are the prime factors of i?
2, 5
Suppose 0*m = -m - 3*t + 339, -5*m = -4*t - 1638. List the prime factors of m.
2, 3, 5, 11
Let d(r) = r**2 - 3*r + 23. Let s be (-7)/(21/(-2))*-3 + 12. What are the prime factors of d(s)?
3, 31
Suppose -37*o + 19200 = 23*o. What are the prime factors of o?
2, 5
Let k(s) = 4*s**2 - 59*s - 8. What are the prime factors of k(19)?
3, 5, 7
Suppose 28*y + 156 = 27*y. Let n = y + 275. List the prime factors of n.
7, 17
List the prime factors of -1*(13535/(-10) - (-6)/4).
2, 13
Let k(x) be the third derivative of x**6/120 + 7*x**5/60 + 5*x**4/12 + 2*x**3/3 - 5*x**2. List the prime factors of k(-5).
2
What are the prime factors of ((-8)/(280/(-21)))/(2/1570)?
3, 157
Let b(p) = -p**2 - 8*p - 9. Let r be b(-4). Let u = 8 + r. Let c = u - -1. What are the prime factors of c?
2
Let l(a) = 21*a + 90. List the prime factors of l(13).
3, 11
Let o(y) be the first derivative of y**4/4 + 11*y**3/3 - y**2 - 11*y + 13. List the prime factors of o(-11).
11
Suppose -11 + 27 = -2*w + 2*r, 3*r + 4 = -4*w. Let t = 12 - w. List the prime factors of t.
2
Let p(k) = 6*k**2 + 5. What are the prime factors of p(8)?
389
Let m = -185 + 154. Let r(i) = -3*i - 69. List the prime factors of r(m).
2, 3
Suppose 34*x - 600 = 29*x. List the prime factors of x.
2, 3, 5
Let w = 56 - -124. What are the prime factors of w?
2, 3, 5
Let s(a) = 18*a**2 + 48*a - 237. List the prime factors of s(5).
3, 151
Suppose -a - 3*a + 5*v - 56 = 0, -5*v + 11 = a. Let i = 34 + a. What are the prime factors of i?
5
Let w = 92 + -44. Let s = w - -1. What are the prime factors of s?
7
Let s(r) = 11*r**3 - 3*r**2 - 2. Let p be s(2). Suppose 2*b = -0*b - p. Let x = -18 - b. List the prime factors of x.
19
Let o = -17 - -21. Suppose -155 = -m + 4*u, -o*m + 476 + 180 = 2*u. What are the prime factors of m?
163
Let x = -41 - -46. Suppose -x*s + 19 = -686. List the prime factors of s.
3, 47
Let j(i) = i**3 - 21*i**2 + 20*i + 5. Let d be j(20). Suppose 3*v = d*s - 571, -3*s + 3*v = 2*v - 345. List the prime factors of s.
2, 29
Let g(o) = 6*o + o**3 + 0*o**2 - 4*o**2 - 20 + 50 - 27. What are the prime factors of g(5)?
2, 29
Let i = -188 - -338. Let x = i - 87. List the prime factors of x.
3, 7
Suppose -4*h + 178 = -5*u - 0*u, -4*u + 34 = h. List the prime factors of 4/(-6)*-3*h*1.
2, 3, 7
Suppose -7*f + 297 = -256. Let d = 124 - f. What are the prime factors of d?
3, 5
Suppose -2*c = 5*a - 15, 4*c - 66 = -4*a + 6*a. Suppose k - 27 = c. What are the prime factors of k?
2, 3, 7
Suppose 2*m + 0*m = 2. Suppose -4*z + m = -7, -1 = -d + z. Suppose -4*h - d = -3*h, 2*c - 2*h = 62. List the prime factors of c.
2, 7
Suppose -3*b + a + 11 = 0, -3*b = 2*b + 3*a + 5. Suppose 2*z = -2*z + b*q + 74, 5*z - 94 = 4*q. Suppose -3*k + 6*k = z. List the prime factors of k.
2, 3
Let g = 3 + 0. Suppose -5*r - g*a + 370 = 0, 2*r - 152 = -0*a - 2*a. What are the prime factors of r?
71
Let a be (2 + -3)/((-2)/190). Let q = -45 + a. Suppose 2*p - 257 = -5*y - 0*y, q = y - p. List the prime factors of y.
3, 17
Let q(j) = 123*j**3 - 6*j**2 - j + 1. What are the prime factors of q(2)?
7, 137
Let c = 48 + -52. What are the prime factors of 1*(-393)/(c + 1)?
131
Let p(d) = -5*d + 6. Let r be p(4). Let x be 7/r*(-28)/1. Let i = x - 6. What are the prime factors of i?
2
Let q(i) = -17*i - 5 + 3*i**2 - 12*i + 8*i. List the prime factors of q(11).
127
Suppose 5*r + 5*y = 1725, 2*r - 7*y + 2*y = 676. Let b = r + -244. What are the prime factors of b?
3, 11
Let s = 87 + -81. List the prime factors of ((-27)/s)/9*-334.
167
Let d = 1296 - 632. What are the prime factors of d?
2, 83
Suppose -t = -n + 145, 5*n - 2*t = 4*n + 149. What are the prime factors of n?
3, 47
Suppose -23*q - 4 = -25*q. Suppose o + 3*d = 48, 5*d + 143 + 8 = q*o. What are the prime factors of o?
3, 7
Suppose -w - 130 = -b + 3*w, 4*b + 2*w = 466. Suppose -23 = y - b. List the prime factors of y.
5, 19
Let c be 1 + 3 - 1*5. Let i be -3 + 15 + c*3. Suppose i - 43 = -j. List the prime factors of j.
2, 17
Let d(l) = -39*l + 13. Let y be d(-4). Suppose -4*r + y = -579. List the prime factors of r.
11, 17
Let j(i) = i**2 + 4*i - 16. Let q be j(-7). Suppose 0*l - q*l + 190 = 0. Let u = -7 + l. List the prime factors of u.
31
Suppose 5*l - 482 = 193. List the prime factors of l.
3, 5
Suppose 0 = 5*p + 3*j - 2*j - 2809, 3*p = j + 1679. List the prime factors of p.
3, 11, 17
Let j(x) = -x**2 - 3*x - 1 - 5*x - 6. Let d = 42 - 48. List the prime factors of j(d).
5
Suppose x - 22 = 67. Let d = 140 - x. What are the prime factors of d?
3, 17
Let z(l) = 2*l - 28. Let q be z(15). Suppose 26 + 60 = -q*t. Let b = t - -64. List the prime factors of b.
3, 7
Let p(r) = 38*r**2 - 10*r - 52. What are the prime factors of p(8)?
2, 5, 23
Suppose 8574 + 8814 = 28*r. List the prime factors of r.
3, 23
Suppose 4*b + 5*j - 115 = -35, -3*b = 4*j - 61. Suppose k + 0*k = 4*k. Suppose k*d = -3*d + b. What are the prime factors of d?
5
Let t be (44/11)/((-2)/(-1)). Let y = 3 + t. List the prime factors of y.
5
Suppose -2*i = -3*w + 11552, 90*w = 89*w - 2*i + 3848. List the prime factors of w.
2, 5, 7, 11
Let o(w) = -15*w**3 - 11 - 1 + 16*w**3 + 9*w - 4*w**2. What are the prime factors of o(5)?
2, 29
Suppose -v + 5 = -5*q - 25, -10 = -5*v - 3*q. Suppose 211 = 12*n - v. List the prime factors of n.
2, 3
Let n be 5 - (0 + 3)*1. Suppose n*w - 4*p - 18 = -3*w, -p + 6 = 4*w. What are the prime factors of w?
2
Let h(f) be the third derivative of -f**4/8 - 29*f**3/6 + 2*f**2. What are the prime factors of h(-17)?
2, 11
Let w(j) = 28*j + 28. What are the prime factors of w(4)?
2, 5, 7
Suppose -3*y - 18 = -3*j, -2*j - 5*y = -y - 6. Let c be (29/(-2))/((-1)/2). Suppose j*r - 56 = c. List the prime factors of r.
17
Let l(k) = -4*k + 4. Let z be l(-5). Let o be (256/z)/(2/39). Suppose o = 3*f + f. List the prime factors of f.
2, 13
Let d be (10/4)/(4/8). Suppose 0 = -7*u + d*u + 126. List the prime factors of u.
3, 7
Let c = 319 + -760. Let g = -313 - c. List the prime factors of g.
2
Suppose q + 5 = 2*q. Suppose 3 = -5*k + v, -q*v - 4 = 6. Let w = 4 + k. What are the prime factors of w?
3
Suppose -17*s = -13*s + 2*c - 18394, 18397 = 4*s + 5*c. What are the prime factors of s?
2, 11, 19
Suppose 698 + 2668 = m + 4*n, 5*m - 5*n = 16905. What are the prime factors of m?
2, 3, 563
Suppose 4*i - 2*i = 72. Suppose 2*z + 0*z - i = -4*d, 5*d - 2*z = 36. What are the prime factors of 370/d + (-2)/8?
2, 23
Let w(o) = -o**3 - 5*o**2 - 4*o - 1. Let d be w(-4). What are the prime factors of (-1)/(d/(-3))*-5?
3, 5
Let f(c) = -4*c - 19. Let x be f(-8). Suppose x*y + 61 = 14*y. List the prime factors of y.
61
Suppose 0 = 1036*o - 1055*o + 3971. What are the prime factors of o?
11, 19
Let c(g) = 3*g**3 - 2*g**2 - 19*g + 8. List the prime factors of c(6).
2, 5, 47
Let m = -3 - -15. Let o be (11 - m)/(1/(-4)). Suppose -12 = 3*l - o*l. List the prime factors 